{"id":24,"date":"2018-03-17T21:30:19","date_gmt":"2018-03-17T21:30:19","guid":{"rendered":"http:\/\/sound-of-praunheim.de\/?page_id=24"},"modified":"2025-10-29T20:21:14","modified_gmt":"2025-10-29T20:21:14","slug":"sing-mit-uns","status":"publish","type":"page","link":"https:\/\/sound-of-praunheim.de\/?page_id=24","title":{"rendered":"Sing mit uns"},"content":{"rendered":"<p><strong>&nbsp;<\/strong><\/p>\n<p><span style=\"color: #000000;\"><strong>Wir suchen<\/strong><\/span><\/p>\n<ul>\n<li><span style=\"color: #ff6600;\"><strong>B\u00e4sse<\/strong><\/span> und <span style=\"color: #ff6600;\"><strong>Ten\u00f6re<\/strong> <\/span>im <span style=\"color: #ff6600;\"><strong>M\u00e4nnerchor<\/strong><\/span><\/li>\n<li><span style=\"color: #ff6600;\"><strong>Kinderstimmen<\/strong><\/span> f\u00fcr alle vier Gruppen im <span style=\"color: #ff6600;\"><strong>Kinderchor<\/strong><\/span><\/li>\n<li><span style=\"color: #ff6600;\"><strong>Altistinnen<\/strong><\/span> und <span style=\"color: #ff6600;\"><strong>Soprane<\/strong> <\/span>bei den <a href=\"https:\/\/sound-of-praunheim.de\/?page_id=22\"><span style=\"color: #ff6600;\"><strong>SingJorinas<\/strong><\/span><\/a><\/li>\n<\/ul>\n<p>&nbsp;<\/p>\n<p><span style=\"color: #000000;\"><strong>Wir bieten <\/strong><\/span>professionelle musikalische &amp; k\u00fcnstlerische Leitung, viel Spa\u00df und gute Laune<\/p>\n<p>&nbsp;<\/p>\n<p><span style=\"color: #000000;\"><strong>Unsere Probenzeiten<\/strong><\/span><\/p>\n<p><span style=\"color: #0000ff;\"><strong>SingJorinas<\/strong><\/span><\/p>\n<table width=\"314\">\n<tbody>\n<tr>\n<td width=\"132\">\n<pre><strong>SingJorinas<\/strong><\/pre>\n<\/td>\n<td width=\"182\">\n<pre><strong>Dienstags 20:00 \u2013 21:30 Uhr<\/strong><\/pre>\n<\/td>\n<\/tr>\n<\/tbody>\n<\/table>\n<p>&nbsp;<\/p>\n<p><span style=\"color: #0000ff;\"><strong>M\u00e4nnerchor<\/strong><\/span><\/p>\n<table width=\"314\">\n<tbody>\n<tr>\n<td width=\"132\">\n<pre><strong>Happy Singers<\/strong><\/pre>\n<\/td>\n<td width=\"182\">\n<pre><strong>Montags <\/strong><strong>19:00 \u2013 20:00 Uhr<\/strong><\/pre>\n<\/td>\n<\/tr>\n<tr>\n<td width=\"132\">\n<pre><strong>M\u00e4nnerchor<\/strong><\/pre>\n<\/td>\n<td width=\"182\">\n<pre><strong>Montags <\/strong><strong>20:00 \u2013 21:30 Uhr<\/strong><\/pre>\n<\/td>\n<\/tr>\n<\/tbody>\n<\/table>\n<p>&nbsp;<\/p>\n<p><span style=\"color: #0000ff;\"><strong>Kinderchor<\/strong><\/span><\/p>\n<table width=\"314\">\n<tbody>\n<tr>\n<td width=\"132\">\n<pre><strong>Mini-A (3 bis 5 Jahre)<\/strong><\/pre>\n<\/td>\n<td width=\"182\">\n<pre><strong>Mittwochs 15:30 \u2013 16:10 Uhr<\/strong><\/pre>\n<\/td>\n<\/tr>\n<tr>\n<td width=\"132\">\n<pre><strong>Mini-B (4 und 5 Jahre)<\/strong><\/pre>\n<\/td>\n<td width=\"182\">\n<pre><strong>Mittwochs 16:15 \u2013 16:55 Uhr<\/strong><\/pre>\n<\/td>\n<\/tr>\n<tr>\n<td width=\"132\">\n<pre><strong>Midi (6 bis 8 Jahre)<\/strong><\/pre>\n<\/td>\n<td width=\"182\">\n<pre><strong>Mittwochs 17:00 \u2013 17:45 Uhr<\/strong><\/pre>\n<\/td>\n<\/tr>\n<tr>\n<td width=\"132\">\n<pre><strong>Maxi (ab 9 Jahre)<\/strong><\/pre>\n<\/td>\n<td width=\"182\">\n<pre><strong>Mittwochs 18:00 \u2013 19:00 Uhr<\/strong><\/pre>\n<\/td>\n<\/tr>\n<\/tbody>\n<\/table>\n<p>Schnupperkinder k\u00f6nnen in der Regel kurzfristig nach vorheriger <a href=\"https:\/\/sound-of-praunheim.de\/?page_id=26\">Kontaktaufnahme<\/a> teilnehmen. Nach \u00dcbermittlung von Kontaktdaten mit Name und Geburtsdatum interessierter Kinder setzt sich die Chorleitung mit den Eltern zwecks Schnupperphase in Verbindung.<\/p>\n<p>&nbsp;<\/p>\n<p>Alle Probentermine finden im Gemeindesaal der Christ-K\u00f6nig-Gemeinde \/ Damaschkeanger 156 \/ 60488 Frankfurt statt.<\/p>\n<p>&nbsp;<\/p>\n<p>Unter&nbsp;<a href=\"https:\/\/sound-of-praunheim.de\/?page_id=26\">Kontakt<\/a> findest Du alle wichtigen Kontaktdaten. Wir freuen uns auf Dich !<\/p>\n","protected":false},"excerpt":{"rendered":"<p>&nbsp; Wir suchen B\u00e4sse und Ten\u00f6re im M\u00e4nnerchor Kinderstimmen f\u00fcr alle vier Gruppen im Kinderchor Altistinnen und Soprane bei den SingJorinas &nbsp; Wir bieten professionelle musikalische &amp; k\u00fcnstlerische Leitung, viel Spa\u00df und gute Laune &nbsp; Unsere Probenzeiten SingJorinas SingJorinas Dienstags 20:00 \u2013 21:30 Uhr &nbsp; M\u00e4nnerchor Happy Singers Montags 19:00 \u2013 20:00 Uhr M\u00e4nnerchor Montags [&hellip;]<\/p>\n","protected":false},"author":1,"featured_media":0,"parent":0,"menu_order":3,"comment_status":"closed","ping_status":"closed","template":"","meta":{"ngg_post_thumbnail":0,"footnotes":""},"class_list":["post-24","page","type-page","status-publish","hentry"],"_links":{"self":[{"href":"https:\/\/sound-of-praunheim.de\/index.php?rest_route=\/wp\/v2\/pages\/24","targetHints":{"allow":["GET"]}}],"collection":[{"href":"https:\/\/sound-of-praunheim.de\/index.php?rest_route=\/wp\/v2\/pages"}],"about":[{"href":"https:\/\/sound-of-praunheim.de\/index.php?rest_route=\/wp\/v2\/types\/page"}],"author":[{"embeddable":true,"href":"https:\/\/sound-of-praunheim.de\/index.php?rest_route=\/wp\/v2\/users\/1"}],"replies":[{"embeddable":true,"href":"https:\/\/sound-of-praunheim.de\/index.php?rest_route=%2Fwp%2Fv2%2Fcomments&post=24"}],"version-history":[{"count":28,"href":"https:\/\/sound-of-praunheim.de\/index.php?rest_route=\/wp\/v2\/pages\/24\/revisions"}],"predecessor-version":[{"id":959,"href":"https:\/\/sound-of-praunheim.de\/index.php?rest_route=\/wp\/v2\/pages\/24\/revisions\/959"}],"wp:attachment":[{"href":"https:\/\/sound-of-praunheim.de\/index.php?rest_route=%2Fwp%2Fv2%2Fmedia&parent=24"}],"curies":[{"name":"wp","href":"https:\/\/api.w.org\/{rel}","templated":true}]}}